{"id":8,"date":"2019-03-19T16:20:01","date_gmt":"2019-03-19T15:20:01","guid":{"rendered":"http:\/\/veherproject.com\/?page_id=8"},"modified":"2024-04-12T13:52:35","modified_gmt":"2024-04-12T11:52:35","slug":"accueil","status":"publish","type":"page","link":"https:\/\/veherproject.com\/","title":{"rendered":"\u00c0 LA RECHERCHE DU F\u00c9MININ"},"content":{"rendered":"\n<div class=\"wp-block-group\"><div class=\"wp-block-group__inner-container is-layout-flow wp-block-group-is-layout-flow\">\n<h2 class=\"wp-block-heading\"><strong>Mon travail est un travail d\u2019acceptation de ce qui me constitue profond\u00e9ment. Une autorisation \u00e0 voir le f\u00e9minin dans le masculin. Une autorisation \u00e0 faire vivre ensemble ces deux p\u00f4les, tr\u00e8s diff\u00e9rents et pourtant si compl\u00e9mentaires.<\/strong><\/h2>\n\n\n\n<div class=\"wp-block-columns is-layout-flex wp-container-core-columns-is-layout-9d6595d7 wp-block-columns-is-layout-flex\">\n<div class=\"wp-block-column is-layout-flow wp-block-column-is-layout-flow\">\n<p>Lorsque l\u2019on na\u00eet homme, lorsque l\u2019on s\u2019est construit homme, t\u00f4t, d\u00e8s les premiers mois de notre d\u00e9veloppement, il est sans doute facile de vivre son genre pleinement, sans retenue. Le contexte dans lequel nous grandissons, nos carences, peuvent nous amener \u00e0 choisir un genre diff\u00e9rent et vivre enfin celui dans lequel nous nous sentons mieux.<\/p>\n\n\n\n<p>Je sais aujourd\u2019hui, suite \u00e0 un long cheminement, que d\u00e8s les premiers mois de mon d\u00e9veloppement je me suis construit sur les deux genres, l\u2019un pour plaire \u00e0 mon p\u00e8re, l\u2019autre pour plaire \u00e0 ma m\u00e8re. Toute ma vie il a fallu choisir l\u2019un ou l\u2019autre de ces p\u00f4les, pour plaire \u00e0 l\u2019un ou \u00e0 l\u2019autre de mes parents, ou m\u2019affirmer dans un r\u00f4le plus tard dans ma vie. Jamais libre de vivre en simultan\u00e9 ce que mon corps portait en lui. Invisibilis\u00e9 en tant que moi complexe.<\/p>\n\n\n\n<p>Lorsque je me suis autoris\u00e9 la cr\u00e9ation artistique, une longue phase masculine (chef d\u2019entreprise, chef de famille, chef tout court) avait fini par presque totalement museler ma part f\u00e9minine. Jusqu\u2019\u00e0 me d\u00e9truire moi m\u00eame en tant qu\u2019individu. Il m\u2019a fallu un long travail de reconqu\u00eate pour rendre sa place \u00e0 cette part. Je l\u2019ai cherch\u00e9e partout o\u00f9 elle pouvait \u00eatre. Dans la cr\u00e9ation plastique, la danse, l\u2019\u00e9criture.<\/p>\n<\/div>\n\n\n\n<div class=\"wp-block-column is-layout-flow wp-block-column-is-layout-flow\">\n<p>Mon travail est un travail d\u2019acceptation de ce qui me constitue profond\u00e9ment. Une autorisation \u00e0 voir le f\u00e9minin dans le masculin. Une autorisation \u00e0 faire vivre ensemble ces deux p\u00f4les, tr\u00e8s diff\u00e9rents et pourtant si compl\u00e9mentaires.<\/p>\n\n\n\n<p>Avec po\u00e9sie et humour j\u2019essaie de prendre soin de ces histoires communes, de ce dialogue entre dur et tendre, rigide et souple, utilitaire et fantaisie, lourd et l\u00e9ger. Comme des figures de style, j\u2019assemble le masculin et le f\u00e9minin pour provoquer une histoire qui d\u00e9passe cette dualit\u00e9.<\/p>\n\n\n\n<p>Les objets dont je pars sont souvent issus de l\u2019univers masculin, par leur usage, leur mati\u00e8re, leur signification. La transformation que je leur offre apporte ou r\u00e9v\u00e8le un f\u00e9minin, souvent \u00e0 partir de mat\u00e9riaux sensibles, d\u2019op\u00e9rations visant \u00e0 les fragiliser, \u00e0 les sortir de leur contexte utilitaire.<\/p>\n\n\n\n<p>C\u2019est \u00e0 partir de ce besoin de reconnexion entre mes deux p\u00f4les que s\u2019est d\u00e9velopp\u00e9e ma pratique artistique. Elle \u00e9volue aujourd\u2019hui plus largement vers la recherche de r\u00e9conciliation entre deux mondes qui parfois ne semblent pas vouloir s\u2019accorder. Vers la cr\u00e9ation d\u2019un univers o\u00f9 les diff\u00e9rences s\u2019associent plut\u00f4t que de s\u2019opposer.<\/p>\n<\/div>\n<\/div>\n\n\n\n<p><\/p>\n<\/div><\/div>\n\n\n\n<hr class=\"wp-block-separator has-css-opacity\"\/>\n","protected":false},"excerpt":{"rendered":"<p>Mon travail est un travail d\u2019acceptation de ce qui me constitue profond\u00e9ment. Une autorisation \u00e0 voir le f\u00e9minin dans le masculin. Une autorisation \u00e0 faire vivre ensemble ces deux p\u00f4les, tr\u00e8s diff\u00e9rents et pourtant si compl\u00e9mentaires. Lorsque l\u2019on na\u00eet homme, lorsque l\u2019on s\u2019est construit homme, t\u00f4t, d\u00e8s les premiers mois de notre d\u00e9veloppement, il est &hellip; <a href=\"https:\/\/veherproject.com\/\" class=\"more-link\">Continuer la lecture<span class=\"screen-reader-text\"> de &laquo;&nbsp;\u00c0 LA RECHERCHE DU F\u00c9MININ&nbsp;&raquo;<\/span><\/a><\/p>\n","protected":false},"author":1,"featured_media":281,"parent":0,"menu_order":0,"comment_status":"closed","ping_status":"closed","template":"","meta":{"_vp_format_video_url":"","_vp_image_focal_point":[],"footnotes":""},"class_list":["post-8","page","type-page","status-publish","has-post-thumbnail","hentry"],"_links":{"self":[{"href":"https:\/\/veherproject.com\/index.php\/wp-json\/wp\/v2\/pages\/8","targetHints":{"allow":["GET"]}}],"collection":[{"href":"https:\/\/veherproject.com\/index.php\/wp-json\/wp\/v2\/pages"}],"about":[{"href":"https:\/\/veherproject.com\/index.php\/wp-json\/wp\/v2\/types\/page"}],"author":[{"embeddable":true,"href":"https:\/\/veherproject.com\/index.php\/wp-json\/wp\/v2\/users\/1"}],"replies":[{"embeddable":true,"href":"https:\/\/veherproject.com\/index.php\/wp-json\/wp\/v2\/comments?post=8"}],"version-history":[{"count":16,"href":"https:\/\/veherproject.com\/index.php\/wp-json\/wp\/v2\/pages\/8\/revisions"}],"predecessor-version":[{"id":654,"href":"https:\/\/veherproject.com\/index.php\/wp-json\/wp\/v2\/pages\/8\/revisions\/654"}],"wp:featuredmedia":[{"embeddable":true,"href":"https:\/\/veherproject.com\/index.php\/wp-json\/wp\/v2\/media\/281"}],"wp:attachment":[{"href":"https:\/\/veherproject.com\/index.php\/wp-json\/wp\/v2\/media?parent=8"}],"curies":[{"name":"wp","href":"https:\/\/api.w.org\/{rel}","templated":true}]}}