{"id":9,"date":"2019-03-19T16:20:01","date_gmt":"2019-03-19T15:20:01","guid":{"rendered":"http:\/\/veherproject.com\/?page_id=9"},"modified":"2023-05-29T17:36:19","modified_gmt":"2023-05-29T15:36:19","slug":"a-propos-de","status":"publish","type":"page","link":"https:\/\/veherproject.com\/index.php\/a-propos-de\/","title":{"rendered":"\u00c0 propos"},"content":{"rendered":"<p class=\"western\">De formation technique, j\u2019ai d\u00e9but\u00e9 ma pratique artistique apr\u00e8s avoir admis que la po\u00e9sie pouvait se glisser partout autour de nous, qu\u2019elle ne d\u00e9pendait que du regard que nous portions sur les choses et les gens.<\/p>\n<p class=\"western\">Les objets sont pour moi un r\u00e9v\u00e9lateur de ce qui fait notre humanit\u00e9, j\u2019aime les objets, les mati\u00e8res, le contact. Ils sont les mediums qui me relient aux humains. Plus \u00e0 l\u2019aise avec la mati\u00e8re qu\u2019avec mes semblables, je recherche dans les objets les fragilit\u00e9s, les paradoxes, les sous-entendus qui me renvoient \u00e0 moi m\u00eame et aux humains. Le rapport au corps sous tend en filigrane la plupart de mes recherches.<\/p>\n<p>Sculptures, installations traditionnelles ou num\u00e9riques, photographie, sont autant de supports comme moyen d&rsquo;expression de ma recherche.<\/p>\n\n\n<hr class=\"wp-block-separator has-css-opacity\"\/>\n\n\n<p>N\u00e9 en 1974 \u00e0 Paris, artiste autodidacte.<\/p>\n<p class=\"western\">1998 \u2013 Agr\u00e9gation de g\u00e9nie m\u00e9canique (\u00c9cole Normale Sup\u00e9rieure de Cachan)<\/p>\n<p class=\"western\">1999 \u00e0 2010 \u2013 Professeur agr\u00e9g\u00e9 \u00e0 l\u2019UTC (Universit\u00e9 de Technologie de Compi\u00e8gne)<\/p>\n<p class=\"western\">2008 \u2013 Licence d\u2019architecture (\u00c9cole d\u2019Architecture de Marne la Vall\u00e9e)<\/p>\n<p class=\"western\">2010 \u00e0 2019 \u2013 Cr\u00e9ateur, cr\u00e9atif et g\u00e9rant d\u2019Acroterre (Maisons ossature bois)<\/p>\n<p class=\"western\">2019 \u2013 Rupture conventionnelle pro et premi\u00e8res expositions artistiques<\/p>\n<p class=\"western\">2019 \u2013 septembre&nbsp;: Exposition collective au festival Picardie for Ever (60)<br>Exposition collective Amis des Beaux Arts de Compi\u00e8gne (60)<br>Exposition collective La Crois\u00e9e des Arts de Lacroix Saint Ouen (60)<\/p>\n<p class=\"western\">2020 \u2013 cours du soir \u00e0 l\u2019\u00c9cole d\u2019Art du Beauvaisis (encadr\u00e9s par Julie Legrand)<\/p>\n<p class=\"western\">2020 \u2013 juillet&nbsp;: R\u00e9sidence \u00e0 l\u2019association <a href=\"http:\/\/picardieforever.org\" target=\"_blank\" rel=\"noopener noreferrer\">Picardie For Ever<\/a> (60)<\/p>\n<p class=\"western\">2020 \u2013 septembre : Exposition personnelle pour le festival Picardie For Ever (60)- Exposition collective \u00e0 la Chapelle Saint Nicolas (Compi\u00e8gne)<\/p>\n<p>2020 &#8211; octobre : Exposition personnelle \u00e0 <a href=\"https:\/\/www.lanouvellescene.fr\/\" target=\"_blank\" rel=\"noopener noreferrer\">La Nouvelle Sc\u00e8ne<\/a> (Nesle)<\/p>\n<p class=\"western\">2021 \u2013 novembre : Exposition personnelle \u00e0 la m\u00e9diath\u00e8que Jean Moulin de Margny les Compi\u00e8gne<\/p>\n<p>2021 &#8211; Laur\u00e9at aide \u00e0 la cr\u00e9ation R\u00e9gion Hauts de France pour le projet \u00ab\u00a0<a href=\"https:\/\/veherproject.com\/index.php\/2023\/02\/25\/pachiderme-ii\/\">Pachiderme<\/a>\u00ab\u00a0<\/p>\n<p>2022 &#8211; R\u00e9sidence \u00e0 l&rsquo;<a href=\"https:\/\/association-jeanlucfrancois.blogspot.com\/\" target=\"_blank\" rel=\"noopener\">Atelier Coop\u00e9ratif Jean Luc Fran\u00e7ois<\/a> pour la r\u00e9alisation de Pachiderme III<\/p>\n<p>2022 &#8211; juin : Exposition collective par la <a href=\"https:\/\/galeriegaba.com\/\" target=\"_blank\" rel=\"noopener\">Galerie GABA<\/a> \u00e0 Paris- <em>11h11<\/em><\/p>\n\n\n<p>2022 &#8211; novembre : Exposition collective \u00ab\u00a0<a href=\"https:\/\/veherproject.com\/index.php\/2022\/10\/01\/fragments-textiles-expo-collective-14-octobre-au-16-decembre-2022\/\" data-type=\"post\" data-id=\"607\">Fragments Textiles<\/a>\u00a0\u00bb en Hauts de France (Ham, Nesles)<\/p>\n\n\n\n<p>2023 &#8211; mars : Exposition collective par la <a rel=\"noreferrer noopener\" href=\"https:\/\/galeriegaba.com\/\" data-type=\"URL\" data-id=\"https:\/\/galeriegaba.com\/\" target=\"_blank\">Galerie GABA<\/a> \u00e0 Paris- <em>Danse Chromatique<\/em> &#8211; Installation en mapping<\/p>\n\n\n\n<p>2023 &#8211; avril : Laur\u00e9at concours <a href=\"https:\/\/www.k-droz.fr\/\" data-type=\"URL\" data-id=\"https:\/\/www.k-droz.fr\/\" target=\"_blank\" rel=\"noreferrer noopener\">K-Droz<\/a> &#8211; <em>Reconstruction<\/em> &#8211; avec l&rsquo;oeuvre <a href=\"https:\/\/veherproject.com\/index.php\/2021\/09\/10\/joyeux-anniversaire\/\" data-type=\"post\" data-id=\"500\">Paris Kaboul<\/a><\/p>\n\n\n\n<p>2023 &#8211; juin : Laur\u00e9at bourse d&rsquo;aide \u00e0 la cr\u00e9ation R\u00e9gion Hauts de France (PRAC)<\/p>\n","protected":false},"excerpt":{"rendered":"<p>De formation technique, j\u2019ai d\u00e9but\u00e9 ma pratique artistique apr\u00e8s avoir admis que la po\u00e9sie pouvait se glisser partout autour de nous, qu\u2019elle ne d\u00e9pendait que du regard que nous portions sur les choses et les gens. Les objets sont pour moi un r\u00e9v\u00e9lateur de ce qui fait notre humanit\u00e9, j\u2019aime les objets, les mati\u00e8res, le &hellip; <a href=\"https:\/\/veherproject.com\/index.php\/a-propos-de\/\" class=\"more-link\">Continuer la lecture<span class=\"screen-reader-text\"> de &laquo;&nbsp;\u00c0 propos&nbsp;&raquo;<\/span><\/a><\/p>\n","protected":false},"author":1,"featured_media":285,"parent":0,"menu_order":0,"comment_status":"closed","ping_status":"closed","template":"","meta":{"_vp_format_video_url":"","_vp_image_focal_point":[],"footnotes":""},"class_list":["post-9","page","type-page","status-publish","has-post-thumbnail","hentry"],"_links":{"self":[{"href":"https:\/\/veherproject.com\/index.php\/wp-json\/wp\/v2\/pages\/9","targetHints":{"allow":["GET"]}}],"collection":[{"href":"https:\/\/veherproject.com\/index.php\/wp-json\/wp\/v2\/pages"}],"about":[{"href":"https:\/\/veherproject.com\/index.php\/wp-json\/wp\/v2\/types\/page"}],"author":[{"embeddable":true,"href":"https:\/\/veherproject.com\/index.php\/wp-json\/wp\/v2\/users\/1"}],"replies":[{"embeddable":true,"href":"https:\/\/veherproject.com\/index.php\/wp-json\/wp\/v2\/comments?post=9"}],"version-history":[{"count":15,"href":"https:\/\/veherproject.com\/index.php\/wp-json\/wp\/v2\/pages\/9\/revisions"}],"predecessor-version":[{"id":646,"href":"https:\/\/veherproject.com\/index.php\/wp-json\/wp\/v2\/pages\/9\/revisions\/646"}],"wp:featuredmedia":[{"embeddable":true,"href":"https:\/\/veherproject.com\/index.php\/wp-json\/wp\/v2\/media\/285"}],"wp:attachment":[{"href":"https:\/\/veherproject.com\/index.php\/wp-json\/wp\/v2\/media?parent=9"}],"curies":[{"name":"wp","href":"https:\/\/api.w.org\/{rel}","templated":true}]}}